e -2*c - 150 = 3*w, 5*w + 19 + 231 = 5*c. Let j = w + v. What are the prime factors of j?
7, 11
Suppose -4*g - 7990 = -2*x, 8*g - 11*g = 5*x - 19949. List the prime factors of x.
13, 307
Suppose 2*g - j = 56645, -2*j = 4*g - 15969 - 97301. List the prime factors of g.
2, 3, 5, 59
Suppose -6690 = -y - 5*d + 2527, 2*d = 3*y - 27753. What are the prime factors of y?
7, 1321
Suppose 2*u - 3*g = -4, 0 = -u + 4*u - g - 1. Let x(r) = -r**3 - 4*r**2 - r + 4. Let i be x(-3). List the prime factors of -1*u/(i/(-508)*-2).
127
Suppose 5*n + 0*n = 3*n. Let x be -3 + -2 + -3 + (n - -3). List the prime factors of 5/(x + (-175)/(-30)).
2, 3
Suppose -f - 7*a = -3*a - 5, -4*f - 70 = -2*a. List the prime factors of 12800/16 + f/3.
3, 5, 53
Let a(t) = 3*t**2 - 14*t + 8. Let g be -1 - 3*2/(-6) - 15. Let y be (-36)/g*45/12. List the prime factors of a(y).
5
Suppose 4*p = p + 42. Let m(x) = -14*x - 45 + x**2 + 30 + 3 + 36. What are the prime factors of m(p)?
2, 3
Let w(n) = -47*n + 96. List the prime factors of w(-51).
3, 277
Let d(o) = 8*o**2 + 4*o - 12. Let c be d(3). Suppose c + 82 = j. What are the prime factors of j?
2, 7, 11
Let w = -42636 + 83233. List the prime factors of w.
40597
Suppose 355 = 78*y + 1135. Suppose 12 = 3*l - 0. What are the prime factors of l/y + 23440/100?
2, 3, 13
Let j(s) = -s**2 + 9*s - 17. Let p be j(5). Suppose c - 4*v = 1052, p*c - 3156 = 5*v - 7*v. What are the prime factors of c?
2, 263
What are the prime factors of 0 + (34791 + 1 - -4)?
2, 8699
Let d(o) be the first derivative of o**2 + 11*o - 37. List the prime factors of d(9).
29
Suppose -7*a = 2*a - 45. Suppose 5*t + 400 - 30 = 5*k, k - 82 = a*t. List the prime factors of k.
2, 3
Suppose -i = 4*d - 16773, 5*i - 4255 = -d - 57. Suppose -d = 33*v - 13301. What are the prime factors of v?
2, 3, 23
Let q be 1/6 + (-498)/(-36). Suppose 5*d - 455 = 4*n, d + q = 4*n + 121. What are the prime factors of (-1 + -1)*-1 + d?
89
Let k(b) = 3*b**3 + 23*b**2 - 130*b + 31. List the prime factors of k(14).
47, 233
Let w be (6/(-5))/(21/(-17360)). Let q(g) = 40 + w*g - 994*g + g**3 + 22. List the prime factors of q(0).
2, 31
Suppose 22*d + 27*d - 29*d = 632760. What are the prime factors of d?
2, 3, 5273
Suppose -17 = -5*w - t, 5*w + 0*t - 5 = 5*t. Let a be w + ((-435)/10)/(2/(-12)). Let g = a - 151. What are the prime factors of g?
113
Suppose 173 = 3*j + 3*h - 97, 459 = 5*j - 4*h. Suppose 0 = 5*i + 2*d - 0*d - 1430, -2*d = -5*i + 1430. Suppose j - i = -3*z. What are the prime factors of z?
5, 13
Let m = -41 + 47. Let g = m - 2. What are the prime factors of -1 - (-15 - 0/g)?
2, 7
Let t(o) be the second derivative of o**5/20 + 11*o**4/12 + o**3 - 3*o**2 - o - 41. Suppose -3*f + 0*f = 27. What are the prime factors of t(f)?
2, 3, 17
Let h = 81097 + -50611. What are the prime factors of h?
2, 3, 5081
Let t(k) = -k**3 - 9*k**2 + 12*k + 26. Let n be t(-10). Let y be n/4*2*5/(-3). What are the prime factors of 174 - 1 - 4*y/10?
5, 7
Let d(c) = 40*c**2 + 67*c - 2459. What are the prime factors of d(25)?
2, 3, 1009
Suppose -5*h = 135 + 6825. Let y be h/120 - 4/10. Let t = 90 - y. What are the prime factors of t?
2, 3, 17
Suppose -4*j = -4*m - 26212, 2407*j + 32781 = 2412*j + 3*m. What are the prime factors of j?
3, 5, 19, 23
Suppose 4*h - 7 + 27 = 0. Let c = h - -450. List the prime factors of c.
5, 89
Let i = -151 + 151. Suppose -h + 81 - 23 = i. List the prime factors of h.
2, 29
Suppose -44*h = -45*h - 6831. List the prime factors of (h/(-92))/((-6)/(-32)).
2, 3, 11
Suppose 3*p - 42795 = 4*y, -97*y + 100*y + 71325 = 5*p. List the prime factors of p.
3, 5, 317
What are the prime factors of ((-4580)/(-6))/(48/(-864)*(-6)/4)?
2, 5, 229
Suppose 0*l - 5*y = -l + 437, l + y - 431 = 0. Suppose -4*i - 4204 - l = -5*n, 2*i = -4*n + 3714. List the prime factors of n.
2, 29
Suppose 143*s - 417720 = 23*s. What are the prime factors of s?
59
Let u = 139 - 141. What are the prime factors of 0 + (336 - 5) + u + -1?
2, 41
Let n(f) = 8*f - 8*f + 396*f**2 - 31*f**2 - 1. List the prime factors of n(1).
2, 7, 13
Suppose -1 = 2*n + 7, 4*d + 5*n = 1948. Let x = 2 + 97. Suppose -3*g - x + d = 0. List the prime factors of g.
131
Let g(z) = 2*z**2 + 9*z - 37. Let h be g(-8). Let u = 88 + h. List the prime factors of u.
107
Let g(u) = 2*u**3 + 80*u**2 + 13*u - 272. What are the prime factors of g(-39)?
31, 73
Let j(g) = -1. Let h(q) = -9*q - 73. Let u(y) = h(y) + 3*j(y). What are the prime factors of u(-23)?
131
Let d = 57 + -27. Let g = d - 30. What are the prime factors of (-2 + 1)*(-54 + -4 + g)?
2, 29
Let k(f) = -2242*f + 1234. List the prime factors of k(-13).
2, 5, 7, 31
Suppose x + 182 = -31*v + 32*v, -x = 2*v - 367. What are the prime factors of 1453/3 + 122/v?
5, 97
Let m(a) = 4*a**3 - 30*a**2 + 15*a - 3. Let z be -5 - 3 - 54/(-3). List the prime factors of m(z).
31, 37
Let a be 96/(-60)*(-10)/4. Suppose -3*j + 3 = 0, a*n + j - 5*j = -20. List the prime factors of (n - -76) + -3 + -1.
2, 17
Suppose 14*t = 15*t - 2. List the prime factors of 2/(-14) - (8388/(-14) + t).
3, 199
Let m be (10/(-3))/(1/(18/(-12))). Suppose -5*y = -2*n - 126, -67 = -m*y - 2*n + 67. Suppose -3*t + y = -40. List the prime factors of t.
2, 11
Let k(p) = -12*p**3 - 11*p**2 - 26*p - 4. Let s = 427 + -431. List the prime factors of k(s).
2, 173
Suppose 45*p - 3225 = 2*p. What are the prime factors of p?
3, 5
Let b(g) = -g**2 + 13*g - 19. Let x(s) = -4 + 6*s + 5*s**2 - 2*s**2 - 6 - s**2. Let u be x(2). What are the prime factors of b(u)?
11
Let w(c) = -12*c - 2*c - 16 - 4 + c. Let p be w(-4). Suppose -8*h = -i - 7*h + p, 36 = i + 3*h. List the prime factors of i.
3, 11
Let a(m) = -m**3 + 13*m**2 - 3*m + 39. Let j be a(13). List the prime factors of 397 + 2/(-10)*j.
397
Let k(y) = y**2 - 9*y - 127. Let n be k(-9). Suppose -n*g + 10*g = -12050. List the prime factors of g.
2, 241
Let q(d) = 8*d**3 + 3*d**2 - 3*d + 1. Let k be q(1). Let u be (1 - -2)/1 - k. Let t = 48 - u. List the prime factors of t.
2, 3
Let j = 1780 - 1037. Let d = -510 + j. Suppose 0 = -5*w + 4*k + 362, -5*w + d = -k - 135. What are the prime factors of w?
2, 37
Let b = 35026 - 9364. What are the prime factors of b?
2, 3, 7, 13, 47
Suppose 80*f + 655 = 85*f. Let p(m) = 18*m**2 + 2*m - 1. Let h be p(-2). Suppose -h = -2*k + f. What are the prime factors of k?
3, 11
Suppose 3*k - 55354 = 5*w, k = 6*k - 4*w - 92274. What are the prime factors of k?
2, 11, 839
Let g(u) = 16*u**2 - 8*u - 25 + 0 - 18*u - 1. Let n(o) = 3*o**2 - 5*o - 5. Let f(k) = -4*g(k) + 22*n(k). List the prime factors of f(5).
2, 7
Let r = 73 - 130. Let m = r + 265. Suppose 520 = 5*t - y, -5*y = -2*t - 8*y + m. List the prime factors of t.
2, 13
Let w(p) = -65*p - 129. Suppose 3*n - 106 = 5*o, 42 = -3*o - 3*n - 12. What are the prime factors of w(o)?
1171
Suppose 4*a + 135 = 3*w, -w - 3*w - 84 = 2*a. What are the prime factors of 2/((-16)/a)*606/9?
3, 101
What are the prime factors of (210 - 219)/(6/(-22132))?
2, 3, 11, 503
Let r = 4 - 1. Suppose r*d - 183 = -2*y, -6*d + 2*d + 79 = y. Let s = y - 28. List the prime factors of s.
71
Let i(l) = -8*l**2 + 101*l - 283. What are the prime factors of i(8)?
13
Suppose -a - 5*t + 75 = 0, 77 + 14 = a - 3*t. Suppose 8*z - a = 5699. List the prime factors of z.
3, 241
Let r be (117/4)/((-24)/128). Let c = 304 + r. What are the prime factors of c?
2, 37
Suppose -37*q = 41*q - 611286. List the prime factors of q.
17, 461
Suppose 5*l = -2*o - 1, -7*o + l - 7 = -11*o. Let r(u) = 10*u**o + 19*u**2 + 29*u - 22 - 27*u**2. What are the prime factors of r(-19)?
149
Let r = 13209 - 2369. What are the prime factors of r?
2, 5, 271
Let a(l) = 46*l + 76. Suppose 5*i - 26 = -6. What are the prime factors of a(i)?
2, 5, 13
Suppose 4*a + 1949 - 5597 = 0. Let x = -19 + a. What are the prime factors of x?
19, 47
Let s = -12 - -14. Let u(m) = m**2 - 3*m + 1. Let d be u(s). Let g(a) = 67*a**2 + a. List the prime factors of g(d).
2, 3, 11
Suppose 37*q + 57*q - 71*q = 105524. List the prime factors of q.
2, 31, 37
Let f(s) = 151*s - 764. What are the prime factors of f(50)?
2, 3, 13, 29
Let f = -8 + 5. Let d be ((-75)/6)/(f/(-6)). Let c = d + 35. List the prime factors of c.
2, 5
Suppose 0*c + c - 6*c = -45260. List the prime factors of c.
2, 31, 73
Let o = 49269 - 27101. List the prime fact